g - 37 = 0. Let v = g - 10. What is the highest common divisor of i and v?
27
Suppose 3 + 15 = p. Calculate the highest common factor of p and 18.
18
Suppose -4*j + 36 = -4*k, 4*j - 2*k - 37 = k. What is the greatest common divisor of j and 30?
10
Suppose -1 = -5*k + 14. Suppose 0 = -2*n + u + 2*u - 17, -k*n - 28 = -5*u. Let f be 2 - (3 - (n - -4)). Calculate the greatest common divisor of 2 and f.
2
Suppose 5*z - 10 - 15 = 0. Let a = 2 - -1. Suppose -a*p + 8 - 2 = 0. What is the highest common divisor of p and z?
1
Let r be 1/(-4) + 515/(-20). Let k be (r/4)/(3/(-12)). Calculate the highest common divisor of 65 and k.
13
Let g(o) = -o**3 - 10*o**2 + 13*o + 4. Let d be g(-10). Let y be ((-2)/(-3))/((-7)/d). Let c = 13 + -5. Calculate the greatest common factor of y and c.
4
Let s(u) = 7*u - 3*u - 3*u + 20. Let j be s(0). Suppose 17*a - 360 = 15*a. What is the highest common divisor of j and a?
20
Let w(y) = y**3 + y + 63. Let l be w(0). What is the highest common divisor of 7 and l?
7
Suppose 0 = -5*c - 4*q + 66, -29 - 1 = -2*c + 2*q. What is the highest common factor of c and 56?
14
Suppose 4*t + 312 = 5*f - 33, -5*t = -4*f + 285. Let p = 7 + f. Calculate the highest common factor of p and 24.
24
Let r(y) be the third derivative of -y**4/24 + 5*y**3/3 + y**2. Let l be r(0). Calculate the highest common factor of 5 and l.
5
Let v = 69 + 3. What is the greatest common divisor of v and 18?
18
Suppose 6*p - 4*p = 130. What is the highest common factor of 715 and p?
65
Let c be (-510)/(-9) + (-2)/3. Let i be 2/11 + 152/11. What is the greatest common factor of i and c?
14
Let a(p) be the first derivative of p**3/3 - 5*p**2 - 6*p - 2. Let t be a(12). What is the greatest common divisor of t and 90?
18
Let b be ((-23)/2)/((-4)/8). Let j = b - 18. Suppose 5*c = 3*c + 10. What is the greatest common factor of c and j?
5
Suppose 4*a - 3*a = 4. Suppose -a*b + 4*y = -208, -5*b + 27 + 225 = 3*y. What is the greatest common factor of b and 17?
17
Let p = 70 + -116. Let b be (p - -4)*1/2. Let d be 2 - (2 + (b - 1)). Calculate the highest common factor of 11 and d.
11
Let n = -15 - -39. Suppose 576 = r + 2*r. What is the greatest common divisor of n and r?
24
Let o(d) = d - 4. Let y be o(6). Let k(a) = -a**3 - 3*a**2 - 5*a - 18. Let i be k(-4). Calculate the greatest common factor of y and i.
2
Let p(n) = -n**2 - 14*n - 33. Let t be p(-9). What is the highest common factor of 108 and t?
12
Let v be ((-4)/(-3))/(26/39). Let h(g) = 2*g**2 - 2*g - 2. Let x be h(v). Calculate the highest common factor of 2 and x.
2
Suppose 3*b = 3 + 6. Suppose -2 - 10 = -b*n. Suppose -o = -r + 16, 2*o - 11 = -n*r + 53. Calculate the greatest common factor of r and 176.
16
Let p be (10/(-25))/((-1)/100). Suppose 3*v = -2*v + p. Let d(x) = x**2 + 4*x - 11. Let g be d(v). What is the highest common factor of 34 and g?
17
Let n be 1/(0 + (-4)/(-48)). What is the greatest common divisor of n and 60?
12
Suppose 14*y = 23*y - 4617. Calculate the greatest common factor of 57 and y.
57
Let j(y) = 40*y**2 - 2. Let p be j(-1). Let k = p - 22. Calculate the highest common factor of 32 and k.
16
Suppose 0 = -4*b + 3*b + 7. Let f be (-2)/3*-12 - 1. What is the greatest common factor of f and b?
7
Let g(s) = -s**3 + s + 15. Let j be g(0). Suppose -7 = -3*m - 1. Let p be j/m + 5/(-10). Calculate the greatest common divisor of 1 and p.
1
Let r = 4 - 2. Suppose -r*t = -23 + 1. Let z(a) = a**2 - 2*a + 7. Let v be z(5). Calculate the highest common divisor of v and t.
11
Let x = 2 - -1. Suppose 47 = 3*g - 2*o, -x*g - 4*o = g - 36. Calculate the highest common divisor of g and 13.
13
Let w be 1/3*(0 - -2*69). Let o(d) = -22*d**3 - d. Let y be o(-1). What is the highest common factor of w and y?
23
Let t(h) = 2*h**2 + 2*h - 3. Let c be t(-3). Let l be (-15)/(-20) - 33/(-4). What is the highest common divisor of c and l?
9
Let m be (-15)/(-6)*66 - -3. Calculate the highest common divisor of m and 21.
21
Suppose m = 6*m. Suppose 3*s - 7*s - 5*q + 73 = m, 0 = s - 2*q - 2. What is the highest common divisor of s and 48?
12
Let b = -50 + 104. Calculate the highest common factor of b and 18.
18
Suppose 6 = d - 4*g, -3*d = 2*d - 5*g. Let k = d - -2. Suppose k*t - t = -28. What is the highest common factor of 7 and t?
7
Let i(h) = h + 8. Let p be i(4). Calculate the greatest common divisor of p and 84.
12
Let s = -18 + 21. What is the highest common divisor of 6 and s?
3
Let u = -42 + 75. Let r(z) be the first derivative of 2*z**3/3 - 3*z**2/2 - 3*z - 2. Let f be r(-2). What is the highest common factor of u and f?
11
Let b be 24/(-40) - 44/10. Let s be (2/b)/((-1)/10). Calculate the greatest common factor of s and 2.
2
Let q = 3 - 1. Suppose 48 = -q*r + 4*r. What is the highest common factor of 8 and r?
8
Let p = 171 + -121. Let m(a) = 4*a**2. Let l be m(-1). Let x = 16 + l. What is the greatest common divisor of p and x?
10
Let x = 5 + -9. Let t be x/(-10) + 2/(-5). Suppose -4*z + t*p = 3*p + 3, z - 4*p = 23. Calculate the highest common divisor of 2 and z.
1
Let z be 9/(225/620) - 2/(-10). Suppose 3*p = 4*w - 55, 2*w - p = -2*w + 45. What is the greatest common divisor of w and z?
5
Suppose -3*j = 3*b - 9, -17 = -4*b + j + 5. What is the highest common divisor of 30 and b?
5
Suppose -5*y - 3*o + 6 = 1, -4*y + 4*o = -36. Suppose 0 = 3*i - 9, -y*z + 13 - 2 = i. Let h be 4/z - (-39 - 1). What is the greatest common divisor of 6 and h?
6
Suppose 10*s + 3 = 53. Let n = -3 - -5. Let b = n - 1. What is the highest common factor of s and b?
1
Let p be ((-9)/((-54)/4))/(4/6). Calculate the greatest common factor of 3 and p.
1
Suppose 18*o = 7*o + 44. Calculate the greatest common factor of 20 and o.
4
Let l = 371 + -265. Let k = -74 + l. Suppose 3*d + 2*d - 66 = -4*y, 2*d = -3*y + k. Calculate the greatest common factor of d and 70.
10
Let z(h) = -h**2 - 10*h - 2. Let i be z(-9). Suppose 2 = 5*u - 3. Calculate the greatest common factor of i and u.
1
Suppose 5*g - 520 = -3*c + 7*c, -5*g + 520 = -3*c. What is the highest common factor of g and 13?
13
Suppose 1 + 27 = 2*l. Calculate the highest common factor of 28 and l.
14
Suppose 2*v = -2*v + 248. Calculate the highest common divisor of v and 155.
31
Let z be 2 - -4*51/6. Suppose -5*d + 4*d + 9 = 0. Calculate the highest common divisor of d and z.
9
Let u(i) be the first derivative of i**4/2 - i**3/3 + i**2 - 2*i - 4. Let a be u(2). What is the greatest common factor of 14 and a?
14
Let p = -10 + 21. Let f be (3 - 0 - 487)/(-1). Suppose -h - f = -5*h. Calculate the greatest common divisor of h and p.
11
Let w(f) = 5*f**2 + f + 10. Let u(b) = 4*b**2 + b + 9. Let o(q) = 6*u(q) - 5*w(q). Let y be o(3). Let h = y + 72. What is the highest common factor of h and 10?
10
Let m be (-414)/(-21) - 4/(-14). Suppose j = 23 + 27. Calculate the greatest common divisor of j and m.
10
Let j = -68 - -164. Calculate the highest common divisor of j and 24.
24
Suppose 1 = w - 3. Let p(f) be the second derivative of f**4/6 - f**3/2 + f. Let m be p(w). What is the highest common divisor of 5 and m?
5
Suppose -2*h + 40 = 6*h. Calculate the highest common factor of h and 30.
5
Let d be 1 - 94*2/(-2)*1. Calculate the highest common divisor of d and 19.
19
Let m be 24/(-40) - 286/(-10). Let x(q) = -2*q**3 + q + 3*q**3 + q - 8 - 6*q**2. Let u be x(6). Calculate the greatest common factor of m and u.
4
Suppose -11*g = -13*g + 192. Calculate the highest common divisor of g and 12.
12
Suppose 0 = 4*t + 3*t - 770. What is the greatest common factor of t and 11?
11
Let u(r) = -r - 1. Let m be u(-5). Suppose z = m*z. Suppose -20 = -z*i - 5*i. What is the greatest common divisor of 2 and i?
2
Let u(m) = m**2 + 5*m + 20. Let v be u(-17). What is the greatest common factor of 14 and v?
14
Let c(h) = -2*h + 4 + 4*h - 3*h**2 + 8*h**2 - h**3. Let v be c(5). Let w be (-330)/(-3) - -2*1. What is the highest common divisor of w and v?
14
Suppose -2*l - 8 = -3*l. Suppose -3*f + 13 = b, f - 4*b = -0*b. Suppose f*p + p - 20 = 0. Calculate the greatest common divisor of p and l.
4
Let l(q) = q**2 - 3*q + 1. Let w be l(5). Suppose -b + i = -7, 4*i = 4*b - i - 24. What is the highest common factor of w and b?
11
Let o(s) = 142*s - 12. Let b be o(9). Let v be 15/(-35) - b/(-14). Calculate the greatest commo